 (50/(-15))/(f/i). Let z(k) = -k**2 - 2*k + 5. Determine z(n).
-10
Let l(b) be the first derivative of -2 - 3*b**2 - 4*b - 2/3*b**3. Give l(-4).
-12
Let c(t) = 5*t - 10. Let u be c(3). Let i(y) = -u + 6*y - y**2 - 4*y**2 + 2*y**2 + 2*y**2. Suppose -2*l + 8 + 0 = 0. What is i(l)?
3
Let b(i) = -33*i + 32*i - 1 + 7*i**2 + 0. Give b(-1).
7
Let m(a) = 6*a - 1. Let z be (-8)/2 + 4 + -2. Give m(z).
-13
Let n(t) = 4*t**2 + 5*t - 3. Let b(k) be the first derivative of k**3/3 + k**2/2 - k - 1. Let v(y) = 9*b(y) - 2*n(y). Calculate v(-3).
9
Suppose 4*c + 2*l + l - 22 = 0, 0 = -2*c - 3*l + 8. Let p(h) = -c + 5 - 5*h + 3*h. Calculate p(-5).
8
Let n(r) = 2*r**2 + 2*r - 3. Let m be n(-3). Suppose a + m = 4*a. Suppose 5*w - 3*t = a + 2, 0 = 5*w + 5*t - 5. Let p(v) = -5*v**3 - v**2 + 1. Give p(w).
-5
Let f(d) = 1 - d + 5 - 5. Let m(b) = -b**3 - 7*b**2 - 6*b + 1. Let n be m(-6). Determine f(n).
0
Let q(m) be the second derivative of m**5/20 + m**4/2 + 4*m**3/3 + 7*m**2/2 - m. Suppose -11*s - 68 = -13. What is q(s)?
-8
Suppose -3*t + 9 = -0*t. Suppose -5 = -5*g - 2*u + 20, -2*u = 2*g - 16. Let l(m) = 5*m**3 - m**2 - 4*m**g - m - t*m. Determine l(3).
6
Let a(c) = c**3 + 6*c**2 + 6*c. Let y = -1 + -5. Let d(g) = g**2 + 7*g + 9. Let j be d(y). Suppose 3*s + 29 = -2*s - j*f, 0 = -2*s + 5*f + 7. Determine a(s).
8
Let n be (0 - -5)/(8 - 9). Let y(i) = -i**2 - 3*i - 5. Give y(n).
-15
Let j(u) = u + 5*u**2 + 1 + 6*u - 15*u**2. Let s(y) = -9*y**2 + 6*y + 1. Let p(a) = -5*j(a) + 6*s(a). What is p(-1)?
-4
Let t(c) = 9*c**2 - c. Let u = -59 - -60. What is t(u)?
8
Let b be (12/(-42))/(2*3/(-210)). Let v(l) = l**2 - 9*l. Give v(b).
10
Suppose -5*x - y + 8 = 0, -5*y + 6 = -3*x - 6. Suppose b + 0 = -d + 3, 3*b = d + x. Let c(u) = 8 - 9 + 0*u**2 - u**d. What is c(-2)?
-5
Let o(p) = 2*p**2 - 2*p - 1. Suppose 5 = g - 6*g. Let c be o(g). Suppose -c*z + j = z + 20, -3*z - 32 = -5*j. Let b(y) = -y**3 - 3*y**2 + 6*y + 3. What is b(z)?
-5
Let d(g) = -g**2 - 6*g - 2. Let c be ((-30)/25)/((-1)/(-5)). Give d(c).
-2
Suppose 3*r = t + 1, -4*t + 11 = 4*r - 17. Let x(g) = g**3 - 4*g**2 + 4*g - 2. What is x(r)?
-2
Let m(n) = -n**3 - 8*n**2 - 7*n - 5. Let l(i) = -2*i**3 - 16*i**2 - 14*i - 10. Let d(q) = -4*l(q) + 7*m(q). Give d(-7).
5
Let c(s) = -6*s**2 - s - 1. Let i(l) = -l**2 - 4*l + 11. Let z be i(-6). What is c(z)?
-6
Let l be (-21)/14*-2*1. Let m(c) = 2*c**2 + c - 1. Let z be m(1). Let s(r) = -4 + 0 + z - r. Determine s(l).
-5
Let n(q) be the first derivative of 4*q + 1/2*q**2 - 2 - 1/3*q**3. What is n(0)?
4
Suppose -10*w = -6*w - 28. Let z(x) = -w*x**3 + 8*x**3 - 1 - 6*x - 3 + 3*x**2. What is z(-4)?
4
Let k(n) = 4*n - 2. Suppose 4*b = 9*b + 20. Let z = b + 2. Give k(z).
-10
Let b(t) = -t**3 + 5*t**2 + 2*t + 1. Let m = 15 + 6. Suppose -2*u - 3*u = -5*v - 45, v = -5*u + m. What is b(u)?
11
Let o(d) = d**3 - 3*d**2 - 4*d + 3. Let n be o(4). Let l(m) = 6*m**3 + n*m**2 + m**2 - 3*m**2. Let y = 1 + -2. What is l(y)?
-5
Let x(n) be the third derivative of -n**6/120 + n**5/10 - 5*n**4/24 - n**3 + 6*n**2. Calculate x(5).
-6
Suppose -2*k + 16 - 44 = -5*n, -5*n = -3*k - 32. Let l(j) = 2*j - 10. Let g(o) = 2*o - 9. Let u(w) = -4*g(w) + 3*l(w). Give u(n).
-2
Let r(f) = f**3 + 7*f**2 + f + 2. Let l be r(-7). Let v(c) = 4*c**2 - 5*c - 5 - 5*c**3 + 12 + 6*c**3. What is v(l)?
7
Let n(s) = 3*s + 1. Suppose 0 = 2*t + 3*i + 10 - 28, 6 = -2*t + 3*i. Suppose t*j - 8*j - 20 = 0. Determine n(j).
-11
Let z(b) = 5 + 2 - 2*b - 2 - 3. Let g(y) = y**3 + 5*y**2 - 6*y - 2. Let d be g(-6). Give z(d).
6
Let s(i) be the first derivative of 3*i**3 - 21. Give s(-1).
9
Let n be 1/((4/10)/(12/15)). Let j(f) = f - 2. Calculate j(n).
0
Suppose -7*u = -12*u + 10. Let g(q) = q**2 + 0*q**u + 9*q - q**3 - 9*q. What is g(2)?
-4
Let j(s) = -s + 0 + 4*s - 2*s - 1 + s**3. Calculate j(1).
1
Let a(y) be the second derivative of 1/6*y**3 + 4*y + 1/20*y**5 - 1/2*y**2 + 0 + 1/3*y**4. Determine a(-4).
-5
Let b be (-1 + 3)*((-3)/6 - -1). Let r(z) be the first derivative of -1/4*z**4 - 1/2*z**2 - b - 4/3*z**3 - 2*z. What is r(-3)?
-8
Let o = -96 + 105. Let j(f) = f**2 - 12*f + 12. What is j(o)?
-15
Let z(o) = 2 - o - 2 + 9. Let j(v) = v - 3. Let r be j(7). Give z(r).
5
Let l(v) = v**3 - 3*v**2 - 3*v - 1. Let w = -18 + 24. Suppose 5*j + d = -2*d + 26, 3*j - 3*d = w. What is l(j)?
3
Let g(c) = c**3. Let z(k) = -5*k**3 + 7*k**2 + 8*k - 3. Let h(m) = 4*g(m) + z(m). Give h(8).
-3
Suppose -y = 4*y + 10. Let a be 2/4*-6 - y. Let z(i) = -12*i - 1. Let r(j) = 25*j + 2. Let l(b) = 3*r(b) + 7*z(b). What is l(a)?
8
Let n(p) = -5 - 6*p + 0*p + p - p. Let y(j) = 5*j + 5. Let k(h) = h**3 - 4*h**2 + 2*h - 2. Let a be k(2). Let b(v) = a*n(v) - 7*y(v). Give b(4).
-1
Let f(t) = -t**2 - 9*t + 17 + 8 - 30. What is f(-9)?
-5
Let h(c) = -2*c - 2. Let k(m) = -m**3 - 3*m**2 + 6*m + 4. Suppose -3*q = 6 + 6. Let l be k(q). Calculate h(l).
6
Let v(l) = -4*l**2 + 1. Let s(f) = 3*f**2 + f. Let u(x) = x**2 + 6*x - 2. Let z be u(-6). Let n(k) = z*v(k) - 3*s(k). Give n(-2).
0
Let z(y) be the third derivative of -y**6/120 - y**5/10 - y**4/6 + y**3/3 - 36*y**2. What is z(-4)?
-14
Let h = 4 - 1. Let s(n) = -7*n. Let a(y) = -15*y. Let b(q) = 6*a(q) - 13*s(q). Determine b(h).
3
Let k(u) = -u**3 - 5*u**2 - 3*u + 5. Let j be 3/(-2)*48/9. Let l(x) = -x**3 - 9*x**2 - 8*x + 1. Let z be l(j). Let q be -2 + 0/z + -2. Calculate k(q).
1
Let c(z) = -2*z**2 + 4*z - 4. Suppose -6*n = -4*n - 6. What is c(n)?
-10
Suppose -n + 16 = 4*l - 0*n, -22 = -2*l - 4*n. Suppose -4*y - 13 = l. Let f(u) = u**2 + 4*u + 6. Give f(y).
6
Suppose -42 = -4*g + 2*u, 2*g = 7*g - 2*u - 53. Let w(o) = 4*o**2 + 14 - o**3 + 4*o - g + 0*o**3. What is w(5)?
-2
Suppose 0 = 7*k - 7. Let p be ((-13)/(-26))/(k/(-6)). Let d(f) = -f**3 + 2*f - 4. Determine d(p).
17
Let c(u) = -4*u**3 - u**2 + u + 1. Suppose -4*x - 1 = -17. Let f(l) = l**2 - l + 3. Let d be f(0). Suppose 0*g + x = -4*g + 4*z, -3*g - d*z = 3. What is c(g)?
3
Let p(s) = s**3 + 3*s**2 + 5*s - 1. Let y(t) = t**3 + 2*t**2 + 4*t - 1. Let x(l) = -3*p(l) + 4*y(l). Determine x(0).
-1
Let c(v) = -8*v - 4*v + v - 9*v**2 + 28 + v**3 - 22. Let z be c(10). Let n(y) = -y**2 - 7*y - 6. Calculate n(z).
6
Let l(y) = 2*y**2 - y + 5. Let r(g) = -g**2 + g - 4. Let f(h) = -3*l(h) - 4*r(h). Suppose -z - 1 = -2*z. Let a be 2/(-1)*z/(-2). Give f(a).
-2
Let x(c) be the second derivative of -c**4/24 - 5*c**3/6 - c**2/2 + 5*c. Let b(r) be the first derivative of x(r). Calculate b(-4).
-1
Let j(m) = -3*m**3 + 2*m**3 + 3 - 2*m**2 - 5*m**2 + m. What is j(-7)?
-4
Let k(w) = -4 - 2*w + 3 + w**3 - 5 + 6*w**2. Calculate k(-6).
6
Let d(f) = -f**3 + 5*f**2 + 2*f - 4. Let v(l) = l**3 + 4*l**2 + 3. Let o be v(-4). What is d(o)?
20
Let p(x) = x - 12. Let u be (-33)/(-12)*(-4)/(-1). Suppose h = -2*h + 51. Let n = h - u. Determine p(n).
-6
Suppose -7 = -g + 2*c, g - 2 = -c + 2. Let n = 5 - g. Let b(a) = a - 2. Give b(n).
-2
Let z(t) be the second derivative of t**5/20 + 5*t**4/12 - 5*t**3/6 + 2*t**2 + 10*t. Calculate z(-6).
-2
Let s(h) = h + 20. Let i be s(-14). Let v(o) = o**3 - 6*o**2 - o + 8. Calculate v(i).
2
Let u(m) = m**2 - 7*m - 8. Let l be (18/(-33))/((-7)/77). What is u(l)?
-14
Let b(l) = 5*l - 7. Let v(c) = -4*c + 6. Let s(r) = -5*b(r) - 6*v(r). Determine s(-5).
4
Let o(b) = 2*b - 4. Let u be 5/(-3)*(1 - 4). Calculate o(u).
6
Let w(o) = -o**3 - 5*o**2 - 3*o + 1. Let k = 70 - 42. Suppose 3*z = 5*d - 0*z, d + 5*z = -k. What is w(d)?
-8
Let s(j) = j**3 + j**2 - 2. Let o = -57 + 55. What is s(o)?
-6
Let y be 3 + 1 + (-3 - 0). Let i(u) = -u - 3. Let w(k) = -10*k + 28. Let z(f) = 3*f - 9. Let r(l) = -5*w(l) - 16*z(l). Let c(a) = 5*i(a) + 4*r(a). Give c(y).
4
Suppose 2*t - 9 = 1. Let i(x) = -7*x - 5*x**2 + 2*x**2 + 2*x**2 - t + 14*x. Let z(l) = -l**3 - 8*l**2 + 4. Let a be z(-8). What is i(a)?
7
Let i(l) = -l**2 + 5*l. Let r = -18 + 30. Suppose 0 = -2*k - k + r. Let u be (k/(-10))/((-3)/30). Give i(u).
4
Let c(n) be the first derivative of n**4/4 - 2*n**3 - 3*n - 15. Calculate c(6).
-3
Let l = -11 + 10. Let x be 1*(2 + -2)*l. Let u(y) = y + y**2 - y**3 - 2*y - 2 + 2*y**3. Calculate u(x).
-2
Let k(p) be the second derivative of 0 - p**2 - p - 1/24*p**4 - 3/2*p**3. Let m(z) be the first derivative of k(z). Give m(0).
-9
Let t(x) = -8*x + 1. Let a be t(-1). Suppose -3*o + 6*o - a = 0. Let l(f) =